 w(n) = n**3 - 6*n**2 + 2*n - 2. Let m be w(6). Suppose -h - h = -m. Calculate z(h).
4
Let z(u) = u - 16. Let l be z(15). Let r be ((-32)/80)/(l/5). Suppose i - 3 = -r. Let y(n) = 5*n**2. Determine y(i).
5
Let v = -10 + 16. Let w(r) = -748*r + 748*r - 6*r**2 + r**3 - 5. Determine w(v).
-5
Suppose 0*i - 4 = 4*i. Let d(m) = 11*m - 5. Let j(a) = -12*a + 6. Suppose -3*s - 4*f - 1 + 2 = 0, -f = -2*s - 14. Let y(x) = s*d(x) - 4*j(x). Give y(i).
8
Let k(g) = g + 9. Let p(t) = -2*t**2 + 2*t + 6. Suppose -5*q - 2*b = b + 10, -4*q + 2*b = 8. Let w be p(q). What is k(w)?
3
Suppose -3*g - g = 4*d + 4, 5*d - 15 = -g. Let x be -3*d*(-2)/6. Let m(b) = 1 - 6*b - 7*b**2 + x*b + b**2 + b**3. Give m(6).
-11
Let u(f) be the first derivative of 10*f**3/3 - f**2/2 - f + 145. Calculate u(-1).
10
Let y(w) = 10 + 5 - 27 + 13 + 2*w. Suppose 4 = -2*n - 2*n. Give y(n).
-1
Let c(w) = -2*w + 66*w**3 + 21*w**3 - 1 - 98*w**3. Give c(-1).
12
Let t(v) = 2*v + 50. Let c(d) = -3*d - 63. Let p(m) = 4*c(m) + 5*t(m). Let a(f) = 2*f**3 - f**2 + 1. Let o = 0 - -1. Let s be a(o). Give p(s).
-6
Let w(s) = -s**2 + 5*s - 2. Suppose 0 = -3*i + 2*i - 8. Let p be i/((2/(-5))/((-5)/(-25))). What is w(p)?
2
Let w(u) = -3 + 4 - 8*u + 2*u**2 + 3. Let h = 31 - 44. Let a = h + 18. Give w(a).
14
Let t(y) = y**2 - 5*y + 1. Let b be t(5). Let j be -19 + 12 + 1/b. Let c(g) = -2*g - 9. What is c(j)?
3
Let b(s) = -s - 1. Let o = -33 + 46. Let j = -5 + o. Suppose -j*a + 9*a = 6. Give b(a).
-7
Let z(q) = q**3 - 5*q**2 + 5*q + 2. Let p = 10 + -7. Let i = 9 - p. Suppose -5 = -u, i*u - 9 = 4*x + u. Calculate z(x).
6
Let d(p) = -2*p - 3. Let j(y) = -y**3 - 8*y**2 + 8*y - 4. Suppose -2*w = -5*r + 1, 0 = -4*w - 3*r + r + 58. Let t = 3 - w. Let h be j(t). Give d(h).
-13
Let z(o) = -o**3 - 6*o**2 + o + 5. Let c be (2 - 30/6)*2. Calculate z(c).
-1
Let v = -2848 - -2835. Let x(m) = m**2 + 14*m - 18. Give x(v).
-31
Let l(v) = 36*v + 110. Let o be l(-3). Let q(s) be the first derivative of 1/2*s**2 + o*s + 2. Calculate q(0).
2
Let f = 530 - 530. Let g(t) be the third derivative of f + 0*t + 6*t**2 + 1/3*t**3 + 2/15*t**5 - 1/24*t**4 - 1/120*t**6. Calculate g(8).
-6
Let k(z) = 10*z + 49. Let v(g) = -32*g - 155. Let o(c) = -13*k(c) - 4*v(c). Calculate o(-14).
11
Let i(y) = -18*y + 110. Let f be i(6). Let b(x) = -3*x + 4. Determine b(f).
-2
Let i(r) = -r**2 + r - 1. Let s(w) = -3*w**2 + 4*w - 4. Let p(a) = -2*i(a) + s(a). Suppose -2*o - 18 = -2*y, -7*y - 3*o - 35 = -12*y. Give p(y).
-10
Let y(d) = -24*d - 1. Let l(w) = 23*w. Let j(p) = 3*l(p) + 2*y(p). Determine j(2).
40
Let i(y) = y + 7. Let x be i(-3). Let l(w) = 5*w - 3. Let c(f) = 6*f - 4. Let h(q) = x*l(q) - 3*c(q). Determine h(5).
10
Let l = -32 + 70. Let m(v) = 16*v - 1 - 2*v**2 - l*v + 20*v. What is m(-2)?
-5
Let c(y) be the second derivative of y**5/20 - 3*y**4/4 + 5*y**3/6 + 5*y**2/2 - 635*y + 1. Give c(9).
50
Let x(c) be the third derivative of 0 - 1/6*c**3 + 1/24*c**4 - 6*c**2 + 0*c. Determine x(3).
2
Let f(d) = 139 + 2*d**3 - 3*d**3 + d - 131 - 6*d**2. Let l(o) = o**3 + o**2 + 2*o + 2. Suppose 2*t - 5*z = -8 - 21, -5*z + 25 = 0. Let h be l(t). What is f(h)?
2
Let l(s) = 6*s**2 - 14*s - 4. Let m be l(3). Let z(q) = -q**2 + 9*q - 12. What is z(m)?
-4
Let n(t) = -122*t + 3 - 6 + 2 + 113*t + 5. Determine n(6).
-50
Let s be 2 - 10*1/(-2). Let d(p) = p**2 - 9*p + 8. Give d(s).
-6
Let q(i) = 8*i**2. Let b(o) = 5*o**3 - o**2 - 4*o + 1. Let d(c) = -3*c**3 + 2*c. Let v(p) = -4*b(p) - 7*d(p). Let u be v(-3). What is q(u)?
8
Let t(k) = -k - 2. Let r(s) = 3*s + 26. Let b be r(-7). Suppose -b*w - 2 = d + 1, -6 = -3*w + 2*d. What is t(w)?
-2
Let m(i) = -105*i + 13 + 46*i + 57*i. Calculate m(8).
-3
Let c(r) = 3 - 6*r + 3*r**2 - 7*r**2 + 5*r**2 - 4. Let a(m) = -m**3 + 7*m**2 + 2*m - 6. Let i be a(7). Suppose 30 = -3*l + i*l. Calculate c(l).
-1
Let p be 3 + -2 + 0 + 1. Let l(j) = -6*j - 56. Let x be l(-13). Let q(m) = x - 11 - 10 + m - 2*m**p. Calculate q(-2).
-9
Let d(m) be the third derivative of 0 - 1/6*m**3 - 3/20*m**5 + 1/12*m**4 + 0*m - m**2. Determine d(1).
-8
Suppose 3*z = -3*g + 9, 9*z - 7*z - 2*g + 14 = 0. Let b(t) = t**3 + t**2 - 2. What is b(z)?
-6
Suppose 2*y - 4*v + 12 = 0, v = -5*y - 3*v + 40. Let s(w) = -w + 3. Let l(k) = 2. Suppose 17*j + 4 = 19*j. Let c(r) = j*s(r) - 3*l(r). Calculate c(y).
-8
Let h(n) = -11*n**2 - 6*n - 27. Let u(a) = -8*a**2 - 4*a - 18. Let z(q) = 5*h(q) - 7*u(q). Determine z(5).
6
Let p(c) = c + 1. Suppose -8*w + 20 = -4*w. Let u be 1*74*w/(-10). Let j = u + 29. Calculate p(j).
-7
Let b be (-3 - 21/(-6))*-6. Let u be (12 + (-12)/4)*(-1)/b. Let n(s) = s + 3. Determine n(u).
6
Let a(u) = 3*u. Let k(v) = -v + 1. Let w(f) = -3. Let p(g) = 3*k(g) + w(g). Let q(i) = -5*a(i) - 6*p(i). Give q(1).
3
Let a(n) be the second derivative of -n**4/12 - n**3/6 + n. Suppose 4 + 7 = i + 5*h, 4*i - 2*h = 0. Calculate a(i).
-2
Suppose -28 = -25*u - 3. Let j(b) be the second derivative of -5*b**4/12 + b**3/3 - b**2/2 + b. Determine j(u).
-4
Suppose -32*c + 21*c + 121 = 0. Let r(q) = -2*q + 10. Determine r(c).
-12
Suppose 4*b = 4*g, 3*g + 2 + 2 = 5*b. Let y be g - -1 - (-1 + 3). Let x(i) = 2*i**2 - 3*i. Let z(r) = -11*r**2 + 4*r. Let h(f) = x(f) + z(f). What is h(y)?
-8
Let x(j) be the third derivative of j**6/120 + j**5/12 + j**4/24 - 2*j**3/3 - 2*j**2. Let a = 327 - 331. What is x(a)?
8
Suppose 5*s - 2*t + 1 = 0, 4 = -2*s - 3*t + 5*t. Let b(u) = 11*u**2 + s - 6*u**2 + 8*u**2. Let q(m) = -m**2 - 19*m + 67. Let p be q(-22). Give b(p).
14
Let u be (-2)/((-9)/(-135)*-3). Let r(i) = 6*i**2 + 11*i - 17*i**2 + 2*i**3 + i**3 - 2*i**3 + 3. What is r(u)?
13
Let r(z) be the second derivative of z**4/12 + 3*z**3/2 + 9*z**2/2 + 177*z. Let c be (-16)/(-6)*(-1 + -2). What is r(c)?
1
Let m(j) = 8*j**2 + 12*j - 17. Let u(l) = 3*l**2 + 4*l - 6. Let i(c) = 3*c - 5. Let q be i(3). Let v(h) = q*m(h) - 11*u(h). Give v(3).
1
Let f(z) = -z. Let c be f(-8). Suppose 3*d - c = -5*m, 0*d - d = -4*m + 3. Let u(k) = -11*k. Calculate u(d).
-11
Suppose -15*n - 46 - 14 = 0. Let g(u) = -3*u - 1. Calculate g(n).
11
Let w(r) = -r**3 + r - 3. Suppose 10 = -9*p + 55. Suppose -4*m - p*a = -8 - 7, 2*m - 3*a + 9 = 0. Give w(m).
-3
Let y be (0 + (0 - 2))/(-1). Let v(w) = -w**2 - 5. Let u(h) = -h - 5. Let c(k) = -u(k) + v(k). Give c(y).
-2
Let l(r) = r**3 + 7*r**2 - 8*r - 2. Let v(t) = t**3 + 5*t**2 + 5*t - 4. Let q be v(-4). Calculate l(q).
-2
Suppose -18*l - 10 = -20*l. Suppose -l*d = 17 + 13. Let h(a) = -10 - 2*a + 2 - 6*a - a**2. Calculate h(d).
4
Let g(j) be the third derivative of -j**8/20160 + j**7/1680 + j**6/720 + 11*j**5/30 - 2*j**2. Let s(m) be the third derivative of g(m). Calculate s(3).
1
Let x(h) = 8*h**3 + 4*h**2 - 4*h + 3. Let q(c) = -2*c**3 - 2*c**2 - 1. Let n(w) = 3*q(w) + x(w). Calculate n(3).
24
Let x = 66 + -118. Let s = x + 58. Let u(c) = 1 + 1 - 3*c + 4*c. What is u(s)?
8
Let c(u) = -6*u**2 - 14*u - 3. Let n(f) = -8*f**2 - 20*f - 4. Let i(g) = -7*c(g) + 5*n(g). What is i(-4)?
41
Let w(f) = -f**3 + 7*f**2 - 2*f + 8. Let g(r) = 4*r**3 - 28*r**2 + 9*r - 32. Let u(y) = 2*g(y) + 9*w(y). Give u(7).
8
Let i(x) be the first derivative of x**3/3 + x**2/2 - 4*x - 5. Calculate i(-6).
26
Let z(b) = b**3 + 15*b**2 + 14*b - 16. Suppose t + 34 = -3*k - t, 2*k - t = -32. Give z(k).
-16
Let g(o) be the first derivative of 1/2*o**2 + o - 2 + 7/4*o**4 + 1/3*o**3. Calculate g(-1).
-6
Let l(a) = 517*a**2 - 3*a**3 + 7 - 524*a**2 + 4*a**3. Let u(x) = 6*x + 1. Let d be u(1). Determine l(d).
7
Let c = 567 + -567. Let s(a) = -6*a**2 - 5*a - 12. Let g(i) = i**2 + i. Let f(x) = 5*g(x) + s(x). Determine f(c).
-12
Let m(g) = 11*g**2 + 2*g - 5. Let l(h) = -3*h**2 + h. Let z(t) = 4*l(t) + m(t). Let n be 2/10 + 29/5. Determine z(n).
-5
Let r = 217 - 213. Let z(l) = -l**3 + 3*l**2 + 6*l - 2. Determine z(r).
6
Let p(v) = -6*v - 2 + 301*v**2 - 305*v**2 - 1 - v**3. Let k be p(-2). Let l(j) be the third derivative of -j**6/40 - j**5/60 + j**4/24 - 2*j**2. Give l(k).
-3
Let w(n) be the second derivative of -n**7/2520 - n**6/240 + n**5/30 + n**4/6 - 29*n. Let d(x) be the third derivative of w(x). Calculate d(-5).
-6
Let d = 14 - 1. Suppose 5*v + 24 = 3*m + 2*v, 5*m + 4*v - d = 0. Suppose -4*r - 14 = -2*u, m*r + 15 = 5*u - 5. Let l(f) = 12*f. Calculate l(u).
12
Let q(b) = -7*b**2 - 4168 - 4*b**2 + 2081 + b**3 +